 13, what is 1 - -17abb39?
17abb3a
In base 12, what is -7300 - 79?
-7379
In base 16, what is -e6d470 - -2?
-e6d46e
In base 11, what is -79 + -455889?
-455957
In base 5, what is 2330442420312 + 2?
2330442420314
In base 7, what is -2165 - 101414?
-103612
In base 4, what is 1 - 103001121003233?
-103001121003232
In base 3, what is 10 + -12010002221112?
-12010002221102
In base 13, what is 39 + -2230661?
-2230625
In base 6, what is -220345 + 12144?
-204201
In base 11, what is -26921 - 5a1?
-27412
In base 14, what is d418 - -3b8?
d7d2
In base 6, what is -2 + -4332012125?
-4332012131
In base 12, what is 6b29 - 1406?
5723
In base 7, what is 33 - 1263305?
-1263242
In base 10, what is -699206 - 284?
-699490
In base 8, what is -5600 - -30120?
22320
In base 10, what is -5 + -44054243?
-44054248
In base 13, what is -6c79 + c24?
-6055
In base 16, what is 59ecb + 4?
59ecf
In base 16, what is -bd42 + -7?
-bd49
In base 2, what is -10011 + -1010010010110001111?
-1010010010110100010
In base 8, what is -2 - -6551327?
6551325
In base 5, what is 10203003342 + 10?
10203003402
In base 16, what is -2 - -3223a2?
3223a0
In base 4, what is 333222031 + 1?
333222032
In base 15, what is a8d + -2a959?
-29dbb
In base 3, what is 1212002122211 - -1220?
1212002201201
In base 15, what is -14 - a6b4b?
-a6b60
In base 7, what is 11265 - 110535?
-66240
In base 8, what is 6727073 - 122?
6726751
In base 2, what is -10100101000 - -11100110111010?
11010010010010
In base 15, what is c4b46 + -3?
c4b43
In base 13, what is -13 + -35a96?
-35aa9
In base 9, what is -21 + 523654?
523633
In base 11, what is -21262 + 366?
-209a7
In base 3, what is -11202202 - 10222222?
-22202201
In base 8, what is 342144233 + -4?
342144227
In base 12, what is 3999 + -1573?
2426
In base 10, what is 2 - 5272422?
-5272420
In base 11, what is 2654310 - 2?
2654309
In base 7, what is 240132 + -1552?
235250
In base 11, what is 1a58574 + 84?
1a58648
In base 15, what is -4a616e - -50?
-4a611e
In base 2, what is 11111100101 - 10011101110100?
-1111110001111
In base 11, what is 3703025 - 9?
3703017
In base 11, what is -2659 - -40a?
-224a
In base 6, what is -145040110 + -1?
-145040111
In base 16, what is -90 - 1267?
-12f7
In base 6, what is 5 + -13043411?
-13043402
In base 2, what is -11 - -1110010110011011100?
1110010110011011001
In base 16, what is 1e + -c1f977?
-c1f959
In base 10, what is 1374915 + 5?
1374920
In base 7, what is 44622035 - -14?
44622052
In base 2, what is 1011100000010010001 + -1000100?
1011100000001001101
In base 6, what is -423451 + -2353?
-430244
In base 15, what is -6dd83a4 - 4?
-6dd83a8
In base 14, what is -12 - -7cc3b?
7cc29
In base 10, what is -24 - -2639011?
2638987
In base 13, what is 80 + 276771?
276821
In base 12, what is 33a83 - -162?
34025
In base 11, what is 4479 - 38582?
-34104
In base 10, what is -189 - 813708?
-813897
In base 5, what is 221031 - 1443?
214033
In base 9, what is -266863 + -118?
-267082
In base 10, what is 6278 - -21802?
28080
In base 2, what is -101 + -1100000001011100110001?
-1100000001011100110110
In base 11, what is 6834421 - -70?
6834491
In base 9, what is 13878076 + -5?
13878071
In base 14, what is 867 + -c34a?
-b8c3
In base 2, what is 1001110111011 - -101100101?
1010100100000
In base 12, what is -172164 + 5?
-17215b
In base 16, what is -30886 - -4f0?
-30396
In base 12, what is -4b36 + 185?
-4971
In base 13, what is 5 - -93b4cac?
93b4cb4
In base 4, what is 23 + -2120121023?
-2120121000
In base 13, what is 4390 - 379?
4014
In base 13, what is -168b9 - -156?
-16763
In base 12, what is 178a2 - -1229?
18b0b
In base 9, what is 2060831 - 17?
2060813
In base 12, what is -5 - -b81a754?
b81a74b
In base 14, what is -3 - 200171?
-200174
In base 12, what is 235772 - -18?
23578a
In base 4, what is -103020332 + -1210311?
-110231303
In base 13, what is 23a229 + 105?
23a331
In base 5, what is -33114 - 3301121?
-3334240
In base 14, what is c76402 + 8?
c7640a
In base 14, what is -1133 + 4360b?
424b8
In base 4, what is -12203 + -210212?
-223021
In base 15, what is -c54ecc - 6?
-c54ed3
In base 4, what is -23 - 10212103111?
-10212103200
In base 15, what is -a1c6 + 885b?
-186a
In base 6, what is -4 + 5011143?
5011135
In base 3, what is 10112100201 - 1210212?
10110112212
In base 2, what is -101 - 10110010001000101001010?
-10110010001000101001111
In base 6, what is -1415033 - -153?
-1414440
In base 16, what is -27 - -72999c?
729975
In base 2, what is -101100101010110111 - 101001110?
-101100110000000101
In base 10, what is 884689 + 48?
884737
In base 6, what is -2154134320 + 3?
-2154134313
In base 14, what is 41b4677 + 3?
41b467a
In base 8, what is -1761623 - 606?
-1762431
In base 16, what is 2a1 - 11225?
-10f84
In base 6, what is 4110001 + -404?
4105153
In base 13, what is 4 - -20054b32?
20054b36
In base 7, what is 3 + 11361322?
11361325
In base 8, what is -161267 + -266?
-161555
In base 5, what is -33310 + 30342?
-2413
In base 3, what is -1101122220112 - 11?
-1101122220200
In base 7, what is 35652 - -1504?
40456
In base 10, what is -159 + -7207238?
-7207397
In base 6, what is -303 - -121521515?
121521212
In base 6, what is -10024 + -101101?
-111125
In base 12, what is -673 - -11502?
10a4b
In base 16, what is 5 - 15898d?
-158988
In base 16, what is 6b66c03 - 2?
6b66c01
In base 4, what is -230230331 + 120?
-230230211
In base 13, what is 4c + -229466a?
-229461b
In base 8, what is -27200426 - -147?
-27200257
In base 6, what is -2125144 + -141?
-2125325
In base 6, what is -5 - -104444401?
104444352
In base 11, what is -34a15a1 - 0?
-34a15a1
In base 2, what is 11110100111110011010101001 - -10?
11110100111110011010101011
In base 15, what is 3b1a5ed + -3?
3b1a5ea
In base 4, what is -1003310033 - -13013?
-1003231020
In base 12, what is 393b + -7395?
-3656
In base 11, what is -906aa399 - 0?
-906aa399
In base 2, what is 10100000101000 + -1010010101000?
1001110000000
In base 5, what is -2011401022 + 3?
-2011401014
In base 2, what is -11 + 101010111011000011000010?
101010111011000010111111
In base 7, what is 16 - 21305313?
-21305264
In base 14, what is -1030 - 46a3?
-56d3
In base 10, what is -8666 - 8?
-8674
In base 11, what is 13 - 31765a?
-317647
In base 14, what is 2 - -1699d317?
1699d319
In base 8, what is -1231 - -22300?
21047
In base 12, what is -1445901 - 2?
-1445903
In base 2, what is 0 - 10100101100001011110101?
-10100101100001011110101
In base 16, what is -41342 - 20?
-41362
In base 4, what is -230202111123 - 11?
-230202111200
In base 15, what is -229e85a - 4?
-229e85e
In base 6, what is -502120100 - 253?
-502120353
In base 2, what is 110101110101001110111111 + -11?
110101110101001110111100
In base 4, what is 100113213 + -1320301?
32132312
In base 6, what is 435535 - 143?
435352
In base 10, what is 75013 - -97?
75110
In base 14, what is -4 + 17dc8d2?
17dc8cc
In base 10, what is 9 + -1563703?
-1563694
In base 12, what is -614277 - -5?
-614272
In base 7, what is -1542 + 3350526?
3345654
In base 7, what is 5 + 24540033?
24540041
In base 6, what is 3 + 550024404?
550024411
In base 3, what is -212 - 221102021122?
-221102022111
In base 15, what is -96 - -16a45?
1699e
In base 13, what is -83c29b82 - -2?
-83c29b80
In base 7, what is -563206010 - -13?
-563205664
In base 11, what is -409674 + -160?
-409824
In base 4, what is 101110 - -11133003?
11300113
In base 14, what is -b04ad0 + -5?
-b04ad5
In base 13, what is 7a6 + -749?
5a
In base 4, what is -103 - -1013032230?
1013032121
In base 3, what is -11211112000201 + 1220?
-11211111221211
In base 16, what is -4 - -407d4?
407d0
In base 8, what is -151120 + 573?
-150325
In base 4, what is -10221223033 + 202?
-10221222231
In base 4, what is -1103120312012 - 3?
-1103120312021
In base 7, what is -21252132 - -45?
-21252054
In base 2, what is -1000 + -1110010011010001100111011?
-1110010011010001101000011
In base 2, what is 1100111 + -11011100011100101000?
-11011100011011000001
In base 2, what is -11110110000001010 - 1001110111?
-11110111010000001
In base 6, what is -3132 + 101400?
54224
In base 13, what is -3 - 626490?
-626493
In base 5, what is -102 + -4032030010?
-4032030112
In base 9, what is 3512 + 47441?
52053
In base 2, what is -100 + -110000000000011000011101100?
-110000000000011000011110000
In base 6, what is -4 + 34230131242?
34230131234
In base 4, what 